f g?
6
Let q(x) = -x - 2. Let m be q(-3). What is the units digit of (-2 + 4 - -4)/m?
6
What is the units digit of 4/(-8)*21*2/(-3)?
7
Let c(j) = j**2 - 11*j - 5. Suppose l - 6 = 5. Let k be c(l). What is the units digit of (18/k)/(6/(-20))?
2
Let n be (-8 - 3/3) + 1. Let i(t) = 2*t**3 - 7*t + 3. Let d(k) = -3*k**3 + 11*k - 5. Let h(a) = n*i(a) - 5*d(a). What is the units digit of h(0)?
1
Let o(k) = 4*k - 4. What is the units digit of o(9)?
2
Let d be (0 - (-12 + 2))*-1. What is the units digit of (-1065)/(-25) - 4/d?
3
Let x(y) be the first derivative of 3*y**3 - y**2/2 + 3. What is the units digit of x(1)?
8
Let x = 52 + -27. What is the units digit of x?
5
Let z = -21 - 10. Let r = z + 51. What is the tens digit of r?
2
Let j = 86 - 48. What is the tens digit of j?
3
Suppose 3*o - 2*o = 10. Let h = -6 + o. Suppose -j - h*j = -5. What is the units digit of j?
1
Let h be 19/3 + 2/(-6). Let n = h - 21. What is the units digit of (-36)/n + 4/(-10)?
2
Let m(u) = u**3 + 10*u**2 + 2*u - 23. What is the tens digit of m(-9)?
4
Let u = 1 + -5. What is the units digit of (-26)/(-3) + u/6?
8
Let a(l) = -l**2 - 9*l - 2. Let m be a(-9). Suppose 2 = -5*t - 43. What is the units digit of m - (t + (-1 - -2))?
6
Let y = 783 - 512. What is the tens digit of y?
7
Let n be 12/(-2 - (-60)/27). Let l be (-8)/6*n/4. Let w = -9 - l. What is the units digit of w?
9
Let b(k) = -4*k**3 - k**2 + k - 3. Let s be b(-2). Suppose -t - 2*t + 76 = 5*i, 4*i = -t + s. What is the units digit of t?
7
Let j be (1*3)/(-1 + 2). Suppose -92 = -4*l - 3*a, -a = -j*l - 0*l + 69. Let u = l + -15. What is the units digit of u?
8
Let r(s) be the second derivative of s**5/20 + 5*s**4/6 - s**3/3 - 9*s**2/2 + 3*s. Let l(p) = p - 5. Let y be l(-5). What is the tens digit of r(y)?
1
Let x = -1 + 4. Suppose 4*a - x*f - 89 = 0, f + 0*f = 1. What is the tens digit of a?
2
Let h(j) = -j**3 + 2*j**2 + 5*j - 3. Let t be h(3). Suppose -s + t*s - 14 = 0. What is the units digit of s?
7
Let o(s) = 2*s + 5. Let b be o(5). Suppose 4*g + 2*r + 47 = -3*r, 18 = -3*g + 2*r. Let a = b + g. What is the units digit of a?
7
Let i(m) = m**2 - 1. Let u be i(2). Suppose 0 = c + s, -s - s = 4. Suppose -14 = c*q - u*q. What is the tens digit of q?
1
Let a = -2 - 3. Let z be -9*(-2 + 3) - 0. Let q = a - z. What is the units digit of q?
4
Let a(l) = l - 1. Let n(k) = -2*k - 1. Let u(w) = -3*a(w) - n(w). Let g be (-4)/(-14) + 120/(-28). What is the units digit of u(g)?
8
Let t(j) = -2*j + 6 + 0*j + j. Let z be t(6). What is the units digit of (-2 - z)/((-5)/5)?
2
Suppose 2*x + 2*f + 2 + 10 = 0, -x - 3*f - 12 = 0. Let a = -2 - x. What is the units digit of a?
1
Let j = 19 + 4. Let l = j - 14. What is the units digit of l?
9
Let i be ((-54)/(-8))/(45/(-120)). Let m = 36 + i. What is the tens digit of m?
1
Suppose 0 = -4*v + 6*v - 28. What is the units digit of v?
4
Suppose 0 = -j + 5*z - 22, 4*j = 4*z - 24. Let c = 0 - -1. What is the tens digit of c + (-4)/j + 11?
1
Let x = -28 + 43. Suppose -59 = -4*k - 3*l, -x + 0 = -3*l. What is the tens digit of k?
1
Suppose 2*n + 6 = 5*n. Suppose -16 = -n*t - 6. Suppose t*h - 10 = 4*h. What is the units digit of h?
0
Let r = 10 - -8. Suppose 0 = -3*v + n + 1, v + 0*n - 17 = -3*n. Suppose -r = -v*b - b. What is the units digit of b?
6
What is the tens digit of (-10)/25 + (-964)/(-10)?
9
What is the units digit of ((-39)/9 - -2)/((-1)/3)?
7
Let y(x) be the first derivative of -x**4/4 + x**3/3 + 5*x - 2. What is the units digit of y(0)?
5
Suppose 6*m + 281 = 1001. Suppose 0*c + 3*n - 40 = -2*c, 4*c = 4*n + m. What is the tens digit of c?
2
Suppose -4*g + 726 = 7*g. What is the units digit of g?
6
Let l be (3 - 70/8)*4. Let w = 37 + l. What is the units digit of w?
4
Let y(r) = -4*r + 3*r + 1 + 9*r. Suppose 5*p = -b - 3*b - 3, -3*b = 3*p + 3. What is the units digit of y(p)?
9
Suppose -3*t = 3*u - 546, 5*u + 2*t + 254 - 1164 = 0. What is the hundreds digit of u?
1
Let i = -52 - -140. Let n = i + -62. What is the tens digit of n?
2
Let s(y) be the second derivative of y**5/20 - y**4/2 - 7*y**3/6 + y**2/2 - 2*y. What is the units digit of s(7)?
1
Suppose 2*g + 4*a = -5 + 1, 3*g + a = -21. What is the units digit of (-4)/(-3)*(-84)/g?
4
Suppose 3*g + 4*r = -12, 5 = -5*g - 3*r - 4. Suppose -2 = -s - g. Let u(d) = 2*d**2 - d + 1. What is the units digit of u(s)?
7
Let u = -1 - -4. What is the tens digit of (-20)/u*3/(-2)?
1
Let x = -211 - -483. What is the units digit of x?
2
Let v be 0*1/3*1. Suppose 0 = -3*w - v*w + 30. What is the units digit of (-4)/w + 27/5?
5
Let c(v) = -v. Let k be c(-4). Suppose 3*x = 6*x + 2*n + 11, -2*x - k = -2*n. Let l = 5 + x. What is the units digit of l?
2
Let v = 188 - 128. What is the tens digit of v?
6
Suppose m = 3*m + 96. What is the units digit of m/64*(-5 + 1)?
3
What is the tens digit of ((-19)/57)/((-1)/54)?
1
Let f(k) = k**2 - 6*k + 16 + 0*k**2 - 6*k. Let t be f(11). Suppose 0*v = 5*v + l - 1, -t*l - 16 = 4*v. What is the units digit of v?
1
Suppose 3 = -0*m - 2*m - 3*x, 2*x = -2*m. Suppose -5*q + m*z + 18 = 0, q - 5*z + 4 = -10. What is the units digit of q?
6
Suppose 2*u - 26 = 48. Suppose 5*s + 0 = -h + 33, -h - u = -5*s. What is the units digit of s?
7
Let p = 53 - 41. What is the tens digit of p?
1
Suppose -160 = -5*b + 5*r, -4*b + 143 = -0*b + r. Suppose m - 3*w = b, 2*m - 23 = w + 32. What is the units digit of m?
6
Let l be (1/(-2))/(4/(-40)). Let c = -7 + l. Let h = c - -7. What is the units digit of h?
5
Suppose 5*k + 40 = -0*k. Let t(n) = n**3 + 8*n**2 + 3*n + 12. Let r be t(k). What is the units digit of (-158)/r - 3/18?
3
Suppose 292 + 2243 = 13*q. What is the tens digit of q?
9
Let f(v) = 3*v + 31*v**2 - 4*v + 0*v + 1. What is the units digit of f(1)?
1
Let n(d) = d**2 - 3*d + 4. Let x be n(4). Let v(w) = -w + 10. What is the units digit of v(x)?
2
Suppose 0 = 4*a + 2 + 18, 2*y = 2*a + 6. Let f be (8/6)/(y/12). Let w = f + 16. What is the units digit of w?
8
Let h be ((-2)/8)/((-12)/2832). Suppose 4*i = -4 - 0, k - 3*i - h = 0. What is the tens digit of k?
5
Suppose -1 = z - 6. Suppose v + z*d - 15 = -0*v, 4*v - 5*d = -40. Let k(o) = o**2 + 5*o + 4. What is the units digit of k(v)?
4
Suppose 4*m + 2*g - 7*g - 22 = 0, 4*g = -8. Let a be (-2)/6 - 8/m. Let i = 2 - a. What is the units digit of i?
5
Let r(a) = -194*a + 2. Let o be r(-2). Let q = 153 - 99. What is the units digit of o/q + (-2)/9?
7
Let r = -10 - -11. What is the tens digit of ((-280)/(-16))/(r/2)?
3
Let f(y) = -y**3 + 5*y**2 + 8*y. Suppose 0*k = -3*k + 6. Suppose 5*a - 2*a = -g - 9, -k*g + 27 = -3*a. What is the tens digit of f(g)?
1
Suppose -u = 4*u - 10. What is the units digit of u?
2
Let n(s) = 0*s**3 - 3*s**2 + 0*s**2 + 2*s - 2*s**3 - 3 + 0*s**3. What is the tens digit of n(-3)?
1
Let y(d) be the second derivative of d**4/12 + d**3 + 7*d**2/2 + 2*d. Let o be y(-5). Suppose o*w + 0*w = 6. What is the units digit of w?
3
Let s(i) = -i**3 - 5*i**2 - i + 1. Let a be s(-5). Suppose 0 = y - 5*x + 10, 0 = 3*y - 6*x + 3*x - a. Let m = y + 4. What is the units digit of m?
9
Suppose -124 = -3*b + 5*c - 0, 5*b - 5*c - 200 = 0. What is the units digit of b?
8
Let y = -4 - -6. Suppose 3*g - y*b - 1 = 3*b, g + 1 = 3*b. What is the units digit of 1*g - (-2)/2?
3
Suppose 5*w + 20 = 0, 6*w + 1 = -q + 5*w. Suppose 5*i = -q*z + 113, 5*i - 25 = -z + 26. What is the tens digit of z?
3
Let p be (-1 - -1)/((-12)/6). Let y = p - -6. What is the units digit of y?
6
Let d be -3*(-1 + 0 + 0). Suppose 0 = -r + 4*l - d, -3*r + 2*l = -3 + 2. What is the units digit of r?
1
Suppose -22 = 3*c - 5*c. What is the tens digit of c?
1
Let g = -32 - -34. Suppose 2*i - 5*i - 126 = -3*z, 4*z - 3*i - 166 = 0. What is the tens digit of g/(-5) - (-696)/z?
1
Suppose 0 = -3*w - 4*d - d - 1, d = -5*w - 9. What is the units digit of 36/(3*w/(-6))?
6
Let r(u) be the third derivative of -u**4/6 - u**3/6 + 2*u**2. Let o be r(-1). What is the units digit of 3/(-9) - (-34)/o?
1
Suppose -y - i + 26 = 0, -10 - 111 = -5*y + 4*i. What is the tens digit of y?
2
Let l be (-2)/((-2)/(-9))*-1. Let q be l/(-6) + (-11)/(-2). Let r = -2 + q. What is the units digit of r?
2
Suppose -2*f = 3*f - 1010. What is the units digit of f/12 + 2/12?
7
Let q(o) = o**3 + 3*o + 35. What is the units digit of q(0)?
5
Let f = 19 + 73. What i